{"id":182,"date":"2010-03-10T19:29:58","date_gmt":"2010-03-10T19:29:58","guid":{"rendered":"http:\/\/www.allaryia.com\/pearnon\/?page_id=182"},"modified":"2022-10-28T16:02:41","modified_gmt":"2022-10-28T15:02:41","slug":"o-fado-da-sombra","status":"publish","type":"page","link":"https:\/\/www.allaryia.com\/pearnon\/cronicas-de-allaryia\/o-fado-da-sombra\/","title":{"rendered":"O Fado da Sombra"},"content":{"rendered":"\n<p><em>Os deuses est\u00e3o mortos, e a sua queda deixa Allaryia \u00e0 beira de  uma espiral de desordem e destrui\u00e7\u00e3o. As sementes dos planos d\u00b4O  Flagelo germinam  em segredo, e Aewyre Thoryn e os seus companheiros s\u00e3o os \u00fanicos que  est\u00e3o cientes da insidiosa amea\u00e7a, bem como os \u00fanicos em condi\u00e7\u00f5es de a  combater. D\u00e1-se ent\u00e3o in\u00edcio a uma desesperada corrida contra o tempo,  enquanto servos renegados de Seltor conspiram para levarem a cabo a  queda de Ul-Thoryn. Uma amea\u00e7a de tempos imemoriais acerca-se entretanto  da P\u00e9rola do Sul, amea\u00e7ando cortar pela raiz a resist\u00eancia contra O  Flagelo. Este \u00e9 ponto de viragem da Oitava Era, ap\u00f3s o qual nada ser\u00e1  como dantes em Allaryia.<\/em><\/p>\n\n\n\n<p>Um livro dif\u00edcil de escrever; porventura o mais dif\u00edcil de todos at\u00e9 ent\u00e3o, em parte devido \u00e0 altura conturbada durante a qual foi produzido, e que me viu mudar temporariamente de resid\u00eancia para a Alemanha. Um ano com algum fado, sem d\u00favida, mas no qual a sombra acabou por ser dissipada pela luz ao fundo do t\u00fanel. J\u00e1 o mesmo n\u00e3o pode ser dito de Allaryia e dos seus habitantes neste volume, no qual a parada \u00e9 levantada numa certa cena que eu esperei anos para poder escrever.<\/p>\n\n\n\n<ul class=\"wp-block-list\"><li><strong>Palavras: <\/strong>204.201<\/li><li><strong>P\u00e1ginas (livro):<\/strong> 536<\/li><li><strong>P\u00e1ginas (manuscrito): <\/strong>412<\/li><li><strong>Tempo de produ\u00e7\u00e3o:<\/strong> Exactamente 1 ano<\/li><li><strong>Combate mais longo: <\/strong>16 p\u00e1ginas (desculpem, n\u00e3o torno a fazer)<\/li><li><strong>Pessoas pr\u00f3ximas que acreditaram que seria o pen\u00faltimo volume:<\/strong> 0<\/li><\/ul>\n\n\n\n<hr class=\"wp-block-separator has-css-opacity\"\/>\n\n\n\n<h2 class=\"has-text-align-center wp-block-heading\">Arte<\/h2>\n\n\n\n<hr class=\"wp-block-separator has-css-opacity\"\/>\n\n\n\n<figure class=\"wp-block-gallery has-nested-images columns-4 is-cropped wp-block-gallery-1 is-layout-flex wp-block-gallery-is-layout-flex\">\n<figure class=\"wp-block-image size-large\"><img loading=\"lazy\" decoding=\"async\" width=\"746\" height=\"1024\" data-id=\"2775\" src=\"https:\/\/www.allaryia.com\/pearnon\/wp-content\/uploads\/2019\/12\/O-Fado-da-Sombra-Estudo-1-746x1024.jpg\" alt=\"\" class=\"wp-image-2775\" srcset=\"https:\/\/www.allaryia.com\/pearnon\/wp-content\/uploads\/2019\/12\/O-Fado-da-Sombra-Estudo-1-746x1024.jpg 746w, https:\/\/www.allaryia.com\/pearnon\/wp-content\/uploads\/2019\/12\/O-Fado-da-Sombra-Estudo-1-219x300.jpg 219w, https:\/\/www.allaryia.com\/pearnon\/wp-content\/uploads\/2019\/12\/O-Fado-da-Sombra-Estudo-1-768x1054.jpg 768w, https:\/\/www.allaryia.com\/pearnon\/wp-content\/uploads\/2019\/12\/O-Fado-da-Sombra-Estudo-1-200x274.jpg 200w, https:\/\/www.allaryia.com\/pearnon\/wp-content\/uploads\/2019\/12\/O-Fado-da-Sombra-Estudo-1.jpg 933w\" sizes=\"auto, (max-width: 746px) 100vw, 746px\" \/><figcaption>Seltor<\/figcaption><\/figure>\n\n\n\n<figure class=\"wp-block-image size-large\"><img loading=\"lazy\" decoding=\"async\" width=\"732\" height=\"1024\" data-id=\"2774\" src=\"https:\/\/www.allaryia.com\/pearnon\/wp-content\/uploads\/2019\/12\/O-Fado-da-Sombra-Estudo2-732x1024.jpg\" alt=\"\" class=\"wp-image-2774\" srcset=\"https:\/\/www.allaryia.com\/pearnon\/wp-content\/uploads\/2019\/12\/O-Fado-da-Sombra-Estudo2-732x1024.jpg 732w, https:\/\/www.allaryia.com\/pearnon\/wp-content\/uploads\/2019\/12\/O-Fado-da-Sombra-Estudo2-214x300.jpg 214w, https:\/\/www.allaryia.com\/pearnon\/wp-content\/uploads\/2019\/12\/O-Fado-da-Sombra-Estudo2-768x1074.jpg 768w, https:\/\/www.allaryia.com\/pearnon\/wp-content\/uploads\/2019\/12\/O-Fado-da-Sombra-Estudo2-200x280.jpg 200w, https:\/\/www.allaryia.com\/pearnon\/wp-content\/uploads\/2019\/12\/O-Fado-da-Sombra-Estudo2.jpg 915w\" sizes=\"auto, (max-width: 732px) 100vw, 732px\" \/><figcaption>Estudo da capa<\/figcaption><\/figure>\n\n\n\n<figure class=\"wp-block-image size-large\"><img loading=\"lazy\" decoding=\"async\" width=\"1024\" height=\"450\" data-id=\"2582\" src=\"https:\/\/www.allaryia.com\/pearnon\/wp-content\/uploads\/slider3\/OFadodaSombra-1024x450.jpeg\" alt=\"\" class=\"wp-image-2582\" srcset=\"https:\/\/www.allaryia.com\/pearnon\/wp-content\/uploads\/slider3\/OFadodaSombra-1024x450.jpeg 1024w, https:\/\/www.allaryia.com\/pearnon\/wp-content\/uploads\/slider3\/OFadodaSombra-300x132.jpeg 300w, https:\/\/www.allaryia.com\/pearnon\/wp-content\/uploads\/slider3\/OFadodaSombra-768x338.jpeg 768w, https:\/\/www.allaryia.com\/pearnon\/wp-content\/uploads\/slider3\/OFadodaSombra-1536x675.jpeg 1536w, https:\/\/www.allaryia.com\/pearnon\/wp-content\/uploads\/slider3\/OFadodaSombra.jpeg 1990w\" sizes=\"auto, (max-width: 1024px) 100vw, 1024px\" \/><figcaption>Capa da edi\u00e7\u00e3o original<\/figcaption><\/figure>\n\n\n\n<figure class=\"wp-block-image size-large\"><img loading=\"lazy\" decoding=\"async\" width=\"656\" height=\"1024\" data-id=\"2647\" src=\"https:\/\/www.allaryia.com\/pearnon\/wp-content\/uploads\/2019\/12\/Vascar\u00f2.jpg\" alt=\"\" class=\"wp-image-2647\" srcset=\"https:\/\/www.allaryia.com\/pearnon\/wp-content\/uploads\/2019\/12\/Vascar\u00f2.jpg 656w, https:\/\/www.allaryia.com\/pearnon\/wp-content\/uploads\/2019\/12\/Vascar\u00f2-192x300.jpg 192w\" sizes=\"auto, (max-width: 656px) 100vw, 656px\" \/><figcaption>Vascar\u00f2<\/figcaption><\/figure>\n<\/figure>\n\n\n\n<div class=\"wp-block-button aligncenter is-style-outline is-style-outline--2\"><a class=\"wp-block-button__link\" href=\"https:\/\/www.allaryia.com\/pearnon\/cronicas-de-allaryia\/\">Voltar<\/a><\/div>\n","protected":false},"excerpt":{"rendered":"<p>Os deuses est\u00e3o mortos, e a sua queda deixa Allaryia \u00e0 beira de uma espiral de desordem e destrui\u00e7\u00e3o. As sementes dos planos d\u00b4O Flagelo germinam em segredo, e Aewyre Thoryn e os seus companheiros s\u00e3o os \u00fanicos que est\u00e3o cientes da insidiosa amea\u00e7a, bem como os \u00fanicos em condi\u00e7\u00f5es de a combater. D\u00e1-se ent\u00e3o [&hellip;]<\/p>\n","protected":false},"author":1,"featured_media":0,"parent":2836,"menu_order":6,"comment_status":"closed","ping_status":"closed","template":"","meta":{"site-sidebar-layout":"default","site-content-layout":"default","ast-site-content-layout":"default","site-content-style":"default","site-sidebar-style":"default","ast-global-header-display":"","ast-banner-title-visibility":"","ast-main-header-display":"","ast-hfb-above-header-display":"","ast-hfb-below-header-display":"","ast-hfb-mobile-header-display":"","site-post-title":"","ast-breadcrumbs-content":"","ast-featured-img":"","footer-sml-layout":"","ast-disable-related-posts":"","theme-transparent-header-meta":"default","adv-header-id-meta":"","stick-header-meta":"","header-above-stick-meta":"","header-main-stick-meta":"","header-below-stick-meta":"","astra-migrate-meta-layouts":"default","ast-page-background-enabled":"default","ast-page-background-meta":{"desktop":{"background-color":"","background-image":"","background-repeat":"repeat","background-position":"center center","background-size":"auto","background-attachment":"scroll","background-type":"","background-media":"","overlay-type":"","overlay-color":"","overlay-opacity":"","overlay-gradient":""},"tablet":{"background-color":"","background-image":"","background-repeat":"repeat","background-position":"center center","background-size":"auto","background-attachment":"scroll","background-type":"","background-media":"","overlay-type":"","overlay-color":"","overlay-opacity":"","overlay-gradient":""},"mobile":{"background-color":"","background-image":"","background-repeat":"repeat","background-position":"center center","background-size":"auto","background-attachment":"scroll","background-type":"","background-media":"","overlay-type":"","overlay-color":"","overlay-opacity":"","overlay-gradient":""}},"ast-content-background-meta":{"desktop":{"background-color":"var(--ast-global-color-5)","background-image":"","background-repeat":"repeat","background-position":"center center","background-size":"auto","background-attachment":"scroll","background-type":"","background-media":"","overlay-type":"","overlay-color":"","overlay-opacity":"","overlay-gradient":""},"tablet":{"background-color":"var(--ast-global-color-5)","background-image":"","background-repeat":"repeat","background-position":"center center","background-size":"auto","background-attachment":"scroll","background-type":"","background-media":"","overlay-type":"","overlay-color":"","overlay-opacity":"","overlay-gradient":""},"mobile":{"background-color":"var(--ast-global-color-5)","background-image":"","background-repeat":"repeat","background-position":"center center","background-size":"auto","background-attachment":"scroll","background-type":"","background-media":"","overlay-type":"","overlay-color":"","overlay-opacity":"","overlay-gradient":""}},"footnotes":""},"class_list":["post-182","page","type-page","status-publish","hentry"],"_links":{"self":[{"href":"https:\/\/www.allaryia.com\/pearnon\/wp-json\/wp\/v2\/pages\/182","targetHints":{"allow":["GET"]}}],"collection":[{"href":"https:\/\/www.allaryia.com\/pearnon\/wp-json\/wp\/v2\/pages"}],"about":[{"href":"https:\/\/www.allaryia.com\/pearnon\/wp-json\/wp\/v2\/types\/page"}],"author":[{"embeddable":true,"href":"https:\/\/www.allaryia.com\/pearnon\/wp-json\/wp\/v2\/users\/1"}],"replies":[{"embeddable":true,"href":"https:\/\/www.allaryia.com\/pearnon\/wp-json\/wp\/v2\/comments?post=182"}],"version-history":[{"count":1,"href":"https:\/\/www.allaryia.com\/pearnon\/wp-json\/wp\/v2\/pages\/182\/revisions"}],"predecessor-version":[{"id":3857,"href":"https:\/\/www.allaryia.com\/pearnon\/wp-json\/wp\/v2\/pages\/182\/revisions\/3857"}],"up":[{"embeddable":true,"href":"https:\/\/www.allaryia.com\/pearnon\/wp-json\/wp\/v2\/pages\/2836"}],"wp:attachment":[{"href":"https:\/\/www.allaryia.com\/pearnon\/wp-json\/wp\/v2\/media?parent=182"}],"curies":[{"name":"wp","href":"https:\/\/api.w.org\/{rel}","templated":true}]}}