{"id":1987,"date":"2018-03-14T05:10:59","date_gmt":"2018-03-14T05:10:59","guid":{"rendered":"http:\/\/www.allaryia.com\/pearnon\/?page_id=1987"},"modified":"2022-10-28T15:56:54","modified_gmt":"2022-10-28T14:56:54","slug":"dragomante-i","status":"publish","type":"page","link":"https:\/\/www.allaryia.com\/pearnon\/dragomante-i\/","title":{"rendered":"Dragomante &#8211; Fogo de Drag\u00e3o"},"content":{"rendered":"\n<p class=\"has-text-align-center\"><em>Um Dragomante e um drag\u00e3o s\u00e3o guerreiro e c\u00e3o de guerra, aliados e amigos insepar\u00e1veis.<\/em><br><em>Mas uma Dragomante pode ser cobi\u00e7ada por v\u00e1rios drag\u00f5es, <\/em><br><em>que ela, em certas circunst\u00e2ncias, <\/em><br><em>pode a todos domar&#8230;<\/em><\/p>\n\n\n\n<p>No reino de Armitaunin, Nereila, uma jovem Dragomante, conclui por fim o \u00e1rduo treino, juntamente com \u00c9ki\u00f3n, o seu Escudeiro, que dever\u00e1 proteg\u00ea-la de qualquer perigo\u2026 e de si mesma. Porque os Dragomantes, que resguardam a humanidade da amea\u00e7a dos drag\u00f5es, podem representar um perigo maior ainda que estes, se neles for ateado o fogo que lhes arde nas veias: o fogo de drag\u00e3o.<br>\nNo caso de Nereila &#8211; a primeira mulher Dragomante em s\u00e9culos &#8211; as consequ\u00eancias podem ser mais dr\u00e1sticas ainda, quando os pecados do seu pai regressam para a atormentar. E \u00c9ki\u00f3n, o seu Escudeiro, n\u00e3o sabe se est\u00e1 \u00e0 altura da tarefa &#8211; ou mesmo se deseja faz\u00ea-lo. E, se o fogo de drag\u00e3o for ateado em Nereila, Armitaunin e o mundo inteiro poder\u00e3o arder.<\/p>\n\n\n\n<p>Tal como na nossa primeira colabora\u00e7\u00e3o, <em>Talism\u00e3, <\/em>o Manuel Morgado pregou-me novamente a &#8220;partida&#8221; de me entregar uma hist\u00f3ria desenhada e pedir-me que eu com ela fizesse&#8230; bem, uma hist\u00f3ria. Os desenhos seguiam um fio condutor na cabe\u00e7a dele, mas o argumento n\u00e3o chegara a cristalizar, e havia coisas que faziam sentido na p\u00e1gina e nos pain\u00e9is mudos, mas nem tanto na narrativa. Tamb\u00e9m n\u00e3o jogava muito a favor da obra ter a algo batida tem\u00e1tica de cavaleiros, drag\u00f5es e cavaleiros de drag\u00f5es, mas a verdade \u00e9 que n\u00e3o pude deixar de me sentir inspirado pela fabulosa arte do Manuel. Assim, ao examinar o que ele j\u00e1 tinha desenhado (cerca de 95% daquilo que viria a ser o \u00e1lbum), em busca de algo em que pudesse pegar para construir uma narrativa que fizesse jus aos desenhos, dei-me de conta de um acaso peculiar: os drag\u00f5es na hist\u00f3ria nunca eram vistos a expelir fogo.<\/p>\n\n\n\n<p>E o resto \u00e9, literalmente, hist\u00f3ria\u2026<\/p>\n\n\n\n<blockquote class=\"wp-block-quote is-layout-flow wp-block-quote-is-layout-flow\"><p>Pr\u00e9mio Adamastor de Fic\u00e7\u00e3o Fant\u00e1stica em Banda Desenhada 2018<br>Galard\u00e3o Melhor Desenho Comic Con Portugal 2018<\/p><\/blockquote>\n\n\n\n<hr class=\"wp-block-separator has-css-opacity\"\/>\n\n\n\n<h2 class=\"has-text-align-center wp-block-heading\">Arte<\/h2>\n\n\n\n<hr class=\"wp-block-separator has-css-opacity\"\/>\n\n\n\n<figure class=\"wp-block-gallery has-nested-images columns-6 is-cropped wp-block-gallery-1 is-layout-flex wp-block-gallery-is-layout-flex\">\n<figure class=\"wp-block-image size-large\"><img loading=\"lazy\" decoding=\"async\" width=\"729\" height=\"1024\" data-id=\"1999\" src=\"https:\/\/www.allaryia.com\/pearnon\/wp-content\/uploads\/2018\/03\/pre-729x1024.jpg\" alt=\"\" class=\"wp-image-1999\" srcset=\"https:\/\/www.allaryia.com\/pearnon\/wp-content\/uploads\/2018\/03\/pre-729x1024.jpg 729w, https:\/\/www.allaryia.com\/pearnon\/wp-content\/uploads\/2018\/03\/pre-214x300.jpg 214w, https:\/\/www.allaryia.com\/pearnon\/wp-content\/uploads\/2018\/03\/pre.jpg 731w\" sizes=\"auto, (max-width: 729px) 100vw, 729px\" \/><figcaption>Estudo da capa<\/figcaption><\/figure>\n\n\n\n<figure class=\"wp-block-image size-large\"><img loading=\"lazy\" decoding=\"async\" width=\"725\" height=\"1024\" data-id=\"2000\" src=\"https:\/\/www.allaryia.com\/pearnon\/wp-content\/uploads\/2018\/03\/pag_26-725x1024.jpg\" alt=\"\" class=\"wp-image-2000\" srcset=\"https:\/\/www.allaryia.com\/pearnon\/wp-content\/uploads\/2018\/03\/pag_26-725x1024.jpg 725w, https:\/\/www.allaryia.com\/pearnon\/wp-content\/uploads\/2018\/03\/pag_26-212x300.jpg 212w, https:\/\/www.allaryia.com\/pearnon\/wp-content\/uploads\/2018\/03\/pag_26-768x1085.jpg 768w, https:\/\/www.allaryia.com\/pearnon\/wp-content\/uploads\/2018\/03\/pag_26.jpg 1191w\" sizes=\"auto, (max-width: 725px) 100vw, 725px\" \/><figcaption>P\u00e1gina a p&amp;b<\/figcaption><\/figure>\n\n\n\n<figure class=\"wp-block-image size-large\"><img loading=\"lazy\" decoding=\"async\" width=\"724\" height=\"1024\" data-id=\"2010\" src=\"https:\/\/www.allaryia.com\/pearnon\/wp-content\/uploads\/2018\/03\/pag_35-724x1024.jpg\" alt=\"\" class=\"wp-image-2010\" srcset=\"https:\/\/www.allaryia.com\/pearnon\/wp-content\/uploads\/2018\/03\/pag_35-724x1024.jpg 724w, https:\/\/www.allaryia.com\/pearnon\/wp-content\/uploads\/2018\/03\/pag_35-212x300.jpg 212w, https:\/\/www.allaryia.com\/pearnon\/wp-content\/uploads\/2018\/03\/pag_35-768x1086.jpg 768w, https:\/\/www.allaryia.com\/pearnon\/wp-content\/uploads\/2018\/03\/pag_35.jpg 842w\" sizes=\"auto, (max-width: 724px) 100vw, 724px\" \/><figcaption>P\u00e1gina a p&amp;b<\/figcaption><\/figure>\n\n\n\n<figure class=\"wp-block-image size-large\"><img loading=\"lazy\" decoding=\"async\" width=\"370\" height=\"370\" data-id=\"2018\" src=\"https:\/\/www.allaryia.com\/pearnon\/wp-content\/uploads\/2018\/03\/2.jpg\" alt=\"\" class=\"wp-image-2018\" srcset=\"https:\/\/www.allaryia.com\/pearnon\/wp-content\/uploads\/2018\/03\/2.jpg 370w, https:\/\/www.allaryia.com\/pearnon\/wp-content\/uploads\/2018\/03\/2-150x150.jpg 150w, https:\/\/www.allaryia.com\/pearnon\/wp-content\/uploads\/2018\/03\/2-300x300.jpg 300w\" sizes=\"auto, (max-width: 370px) 100vw, 370px\" \/><figcaption>Amostra<\/figcaption><\/figure>\n\n\n\n<figure class=\"wp-block-image size-large\"><img loading=\"lazy\" decoding=\"async\" width=\"945\" height=\"349\" data-id=\"2019\" src=\"https:\/\/www.allaryia.com\/pearnon\/wp-content\/uploads\/2018\/03\/3.jpg\" alt=\"\" class=\"wp-image-2019\" srcset=\"https:\/\/www.allaryia.com\/pearnon\/wp-content\/uploads\/2018\/03\/3.jpg 945w, https:\/\/www.allaryia.com\/pearnon\/wp-content\/uploads\/2018\/03\/3-300x111.jpg 300w, https:\/\/www.allaryia.com\/pearnon\/wp-content\/uploads\/2018\/03\/3-768x284.jpg 768w\" sizes=\"auto, (max-width: 945px) 100vw, 945px\" \/><figcaption>Amostra<\/figcaption><\/figure>\n\n\n\n<figure class=\"wp-block-image size-large\"><img loading=\"lazy\" decoding=\"async\" width=\"387\" height=\"304\" data-id=\"2020\" src=\"https:\/\/www.allaryia.com\/pearnon\/wp-content\/uploads\/2018\/03\/4.jpg\" alt=\"\" class=\"wp-image-2020\" srcset=\"https:\/\/www.allaryia.com\/pearnon\/wp-content\/uploads\/2018\/03\/4.jpg 387w, https:\/\/www.allaryia.com\/pearnon\/wp-content\/uploads\/2018\/03\/4-300x236.jpg 300w\" sizes=\"auto, (max-width: 387px) 100vw, 387px\" \/><figcaption>Amostra<\/figcaption><\/figure>\n\n\n\n<figure class=\"wp-block-image size-large\"><img loading=\"lazy\" decoding=\"async\" width=\"730\" height=\"299\" data-id=\"2021\" src=\"https:\/\/www.allaryia.com\/pearnon\/wp-content\/uploads\/2018\/03\/6.jpg\" alt=\"\" class=\"wp-image-2021\" srcset=\"https:\/\/www.allaryia.com\/pearnon\/wp-content\/uploads\/2018\/03\/6.jpg 730w, https:\/\/www.allaryia.com\/pearnon\/wp-content\/uploads\/2018\/03\/6-300x123.jpg 300w\" sizes=\"auto, (max-width: 730px) 100vw, 730px\" \/><figcaption>Amostra<\/figcaption><\/figure>\n\n\n\n<figure class=\"wp-block-image size-large\"><img loading=\"lazy\" decoding=\"async\" width=\"1024\" height=\"345\" data-id=\"2023\" src=\"https:\/\/www.allaryia.com\/pearnon\/wp-content\/uploads\/2018\/03\/8-1024x345.jpg\" alt=\"\" class=\"wp-image-2023\" srcset=\"https:\/\/www.allaryia.com\/pearnon\/wp-content\/uploads\/2018\/03\/8-1024x345.jpg 1024w, https:\/\/www.allaryia.com\/pearnon\/wp-content\/uploads\/2018\/03\/8-300x101.jpg 300w, https:\/\/www.allaryia.com\/pearnon\/wp-content\/uploads\/2018\/03\/8-768x259.jpg 768w, https:\/\/www.allaryia.com\/pearnon\/wp-content\/uploads\/2018\/03\/8.jpg 1048w\" sizes=\"auto, (max-width: 1024px) 100vw, 1024px\" \/><figcaption>Amostra<\/figcaption><\/figure>\n\n\n\n<figure class=\"wp-block-image size-large\"><img loading=\"lazy\" decoding=\"async\" width=\"419\" height=\"370\" data-id=\"2022\" src=\"https:\/\/www.allaryia.com\/pearnon\/wp-content\/uploads\/2018\/03\/7.jpg\" alt=\"\" class=\"wp-image-2022\" srcset=\"https:\/\/www.allaryia.com\/pearnon\/wp-content\/uploads\/2018\/03\/7.jpg 419w, https:\/\/www.allaryia.com\/pearnon\/wp-content\/uploads\/2018\/03\/7-300x265.jpg 300w\" sizes=\"auto, (max-width: 419px) 100vw, 419px\" \/><figcaption>Amostra<\/figcaption><\/figure>\n\n\n\n<figure class=\"wp-block-image size-large\"><img loading=\"lazy\" decoding=\"async\" width=\"453\" height=\"295\" data-id=\"2024\" src=\"https:\/\/www.allaryia.com\/pearnon\/wp-content\/uploads\/2018\/03\/9.jpg\" alt=\"\" class=\"wp-image-2024\" srcset=\"https:\/\/www.allaryia.com\/pearnon\/wp-content\/uploads\/2018\/03\/9.jpg 453w, https:\/\/www.allaryia.com\/pearnon\/wp-content\/uploads\/2018\/03\/9-300x195.jpg 300w\" sizes=\"auto, (max-width: 453px) 100vw, 453px\" \/><figcaption>Amostra<\/figcaption><\/figure>\n\n\n\n<figure class=\"wp-block-image size-large\"><img loading=\"lazy\" decoding=\"async\" width=\"725\" height=\"281\" data-id=\"2025\" src=\"https:\/\/www.allaryia.com\/pearnon\/wp-content\/uploads\/2018\/03\/11.jpg\" alt=\"\" class=\"wp-image-2025\" srcset=\"https:\/\/www.allaryia.com\/pearnon\/wp-content\/uploads\/2018\/03\/11.jpg 725w, https:\/\/www.allaryia.com\/pearnon\/wp-content\/uploads\/2018\/03\/11-300x116.jpg 300w\" sizes=\"auto, (max-width: 725px) 100vw, 725px\" \/><figcaption>Amostra<\/figcaption><\/figure>\n\n\n\n<figure class=\"wp-block-image size-large\"><img loading=\"lazy\" decoding=\"async\" width=\"784\" height=\"322\" data-id=\"2026\" src=\"https:\/\/www.allaryia.com\/pearnon\/wp-content\/uploads\/2018\/03\/12.jpg\" alt=\"\" class=\"wp-image-2026\" srcset=\"https:\/\/www.allaryia.com\/pearnon\/wp-content\/uploads\/2018\/03\/12.jpg 784w, https:\/\/www.allaryia.com\/pearnon\/wp-content\/uploads\/2018\/03\/12-300x123.jpg 300w, https:\/\/www.allaryia.com\/pearnon\/wp-content\/uploads\/2018\/03\/12-768x315.jpg 768w\" sizes=\"auto, (max-width: 784px) 100vw, 784px\" \/><figcaption>Amostra<\/figcaption><\/figure>\n<\/figure>\n\n\n\n<hr class=\"wp-block-separator has-text-color has-ast-global-color-5-color has-alpha-channel-opacity has-ast-global-color-5-background-color has-background\"\/>\n\n\n\n<div class=\"wp-block-button aligncenter is-style-outline is-style-outline--2\"><a class=\"wp-block-button__link\" href=\"https:\/\/www.allaryia.com\/pearnon\/dragomante\/\">Voltar<\/a><\/div>\n","protected":false},"excerpt":{"rendered":"<p>Um Dragomante e um drag\u00e3o s\u00e3o guerreiro e c\u00e3o de guerra, aliados e amigos insepar\u00e1veis.Mas uma Dragomante pode ser cobi\u00e7ada por v\u00e1rios drag\u00f5es, que ela, em certas circunst\u00e2ncias, pode a todos domar&#8230; No reino de Armitaunin, Nereila, uma jovem Dragomante, conclui por fim o \u00e1rduo treino, juntamente com \u00c9ki\u00f3n, o seu Escudeiro, que dever\u00e1 proteg\u00ea-la [&hellip;]<\/p>\n","protected":false},"author":1,"featured_media":0,"parent":0,"menu_order":0,"comment_status":"closed","ping_status":"closed","template":"","meta":{"site-sidebar-layout":"default","site-content-layout":"default","ast-site-content-layout":"default","site-content-style":"default","site-sidebar-style":"default","ast-global-header-display":"","ast-banner-title-visibility":"","ast-main-header-display":"","ast-hfb-above-header-display":"","ast-hfb-below-header-display":"","ast-hfb-mobile-header-display":"","site-post-title":"","ast-breadcrumbs-content":"","ast-featured-img":"","footer-sml-layout":"","ast-disable-related-posts":"","theme-transparent-header-meta":"default","adv-header-id-meta":"","stick-header-meta":"","header-above-stick-meta":"","header-main-stick-meta":"","header-below-stick-meta":"","astra-migrate-meta-layouts":"default","ast-page-background-enabled":"default","ast-page-background-meta":{"desktop":{"background-color":"","background-image":"","background-repeat":"repeat","background-position":"center center","background-size":"auto","background-attachment":"scroll","background-type":"","background-media":"","overlay-type":"","overlay-color":"","overlay-opacity":"","overlay-gradient":""},"tablet":{"background-color":"","background-image":"","background-repeat":"repeat","background-position":"center center","background-size":"auto","background-attachment":"scroll","background-type":"","background-media":"","overlay-type":"","overlay-color":"","overlay-opacity":"","overlay-gradient":""},"mobile":{"background-color":"","background-image":"","background-repeat":"repeat","background-position":"center center","background-size":"auto","background-attachment":"scroll","background-type":"","background-media":"","overlay-type":"","overlay-color":"","overlay-opacity":"","overlay-gradient":""}},"ast-content-background-meta":{"desktop":{"background-color":"var(--ast-global-color-5)","background-image":"","background-repeat":"repeat","background-position":"center center","background-size":"auto","background-attachment":"scroll","background-type":"","background-media":"","overlay-type":"","overlay-color":"","overlay-opacity":"","overlay-gradient":""},"tablet":{"background-color":"var(--ast-global-color-5)","background-image":"","background-repeat":"repeat","background-position":"center center","background-size":"auto","background-attachment":"scroll","background-type":"","background-media":"","overlay-type":"","overlay-color":"","overlay-opacity":"","overlay-gradient":""},"mobile":{"background-color":"var(--ast-global-color-5)","background-image":"","background-repeat":"repeat","background-position":"center center","background-size":"auto","background-attachment":"scroll","background-type":"","background-media":"","overlay-type":"","overlay-color":"","overlay-opacity":"","overlay-gradient":""}},"footnotes":""},"class_list":["post-1987","page","type-page","status-publish","hentry"],"_links":{"self":[{"href":"https:\/\/www.allaryia.com\/pearnon\/wp-json\/wp\/v2\/pages\/1987","targetHints":{"allow":["GET"]}}],"collection":[{"href":"https:\/\/www.allaryia.com\/pearnon\/wp-json\/wp\/v2\/pages"}],"about":[{"href":"https:\/\/www.allaryia.com\/pearnon\/wp-json\/wp\/v2\/types\/page"}],"author":[{"embeddable":true,"href":"https:\/\/www.allaryia.com\/pearnon\/wp-json\/wp\/v2\/users\/1"}],"replies":[{"embeddable":true,"href":"https:\/\/www.allaryia.com\/pearnon\/wp-json\/wp\/v2\/comments?post=1987"}],"version-history":[{"count":3,"href":"https:\/\/www.allaryia.com\/pearnon\/wp-json\/wp\/v2\/pages\/1987\/revisions"}],"predecessor-version":[{"id":3852,"href":"https:\/\/www.allaryia.com\/pearnon\/wp-json\/wp\/v2\/pages\/1987\/revisions\/3852"}],"wp:attachment":[{"href":"https:\/\/www.allaryia.com\/pearnon\/wp-json\/wp\/v2\/media?parent=1987"}],"curies":[{"name":"wp","href":"https:\/\/api.w.org\/{rel}","templated":true}]}}