{"id":3,"date":"2010-03-08T18:16:31","date_gmt":"2010-03-08T18:16:31","guid":{"rendered":"http:\/\/www.allaryia.com\/pearnon\/?page_id=3"},"modified":"2026-02-23T12:10:56","modified_gmt":"2026-02-23T12:10:56","slug":"biografia","status":"publish","type":"page","link":"https:\/\/www.allaryia.com\/pearnon\/biografia\/","title":{"rendered":"Biografia"},"content":{"rendered":"<p style=\"text-align: justify;\"><strong><a href=\"https:\/\/www.allaryia.com\/pearnon\/wp-content\/uploads\/2026\/02\/bio.png\"><img loading=\"lazy\" decoding=\"async\" class=\"aligncenter wp-image-4927 size-full\" title=\"filipefaria\" src=\"https:\/\/www.allaryia.com\/pearnon\/wp-content\/uploads\/2026\/02\/bio.png\" alt=\"\" width=\"300\" height=\"271\" srcset=\"https:\/\/www.allaryia.com\/pearnon\/wp-content\/uploads\/2026\/02\/bio.png 300w, https:\/\/www.allaryia.com\/pearnon\/wp-content\/uploads\/2026\/02\/bio-200x181.png 200w\" sizes=\"auto, (max-width: 300px) 100vw, 300px\" \/><\/a>N<\/strong>asci a 11\/02\/1982 em Lisboa. Frequentei a Academia de Sta. Cec\u00edlia durante um ano. De seguida ingressei na Escola Alem\u00e3 de Lisboa, que frequentei desde o jardim de inf\u00e2ncia at\u00e9 ao 12\u00ba ano. Ganhei uma perspectiva diferente atrav\u00e9s do contacto com uma cultura t\u00e3o <cite>su<\/cite><cite>i generis<\/cite> e t\u00e3o antag\u00f3nica \u00e0 nossa como a dos alem\u00e3es. Cedo cultivei um gosto pela literatura fant\u00e1stica, ati\u00e7ado pelo meu interesse pela Idade M\u00e9dia e por uma fortuita descoberta durante o 8\u00ba ano na biblioteca da escola: <cite>A Tolkien Bestiary<\/cite>.<\/p>\n<p style=\"text-align: justify;\">Desde ent\u00e3o a fantasia tem sido para mim uma insaci\u00e1vel paix\u00e3o. Principiei a fazer os esbo\u00e7os de uma aventura aos 16 anos, que lentamente foram evoluindo para uma obra de quase 600 p\u00e1ginas. Concorri com <em>A Manopla de Karasthan<\/em> ao Pr\u00e9mio Branquinho da Fonseca, organizado pela Funda\u00e7\u00e3o Calouste Gulbenkian e o jornal Expresso, em Janeiro de 2001. Fui informado de que era o vencedor em Novembro desse mesmo ano. Estabeleci contacto com a Editorial Presen\u00e7a em Janeiro de 2002 e o livro foi publicado em Abril, seguido em Dezembro desse ano por <em>Os Filhos do Flagelo<\/em>, o segundo volume da saga, e assim iniciei a minha carreira liter\u00e1ria. Completei tr\u00eas anos do curso de L\u00ednguas e Literaturas Modernas, at\u00e9 me aperceber de que j\u00e1 escolhera o meu caminho na vida, e de que j\u00e1 caminhava nele. Quando tiro f\u00e9rias dos mundos de fantasia que crio, divido a vida entre Portugal, onde nasci, a Isl\u00e2ndia, onde fui adoptado, e a B\u00f3snia-Herzegovina, onde a esposa mata saudades.<\/p>\n","protected":false},"excerpt":{"rendered":"<p>Nasci a 11\/02\/1982 em Lisboa. Frequentei a Academia de Sta. Cec\u00edlia durante um ano. De seguida ingressei na Escola Alem\u00e3 de Lisboa, que frequentei desde o jardim de inf\u00e2ncia at\u00e9 ao 12\u00ba ano. Ganhei uma perspectiva diferente atrav\u00e9s do contacto com uma cultura t\u00e3o sui generis e t\u00e3o antag\u00f3nica \u00e0 nossa como a dos alem\u00e3es. [&hellip;]<\/p>\n","protected":false},"author":1,"featured_media":0,"parent":0,"menu_order":0,"comment_status":"closed","ping_status":"closed","template":"","meta":{"site-sidebar-layout":"default","site-content-layout":"","ast-site-content-layout":"default","site-content-style":"default","site-sidebar-style":"default","ast-global-header-display":"","ast-banner-title-visibility":"","ast-main-header-display":"","ast-hfb-above-header-display":"","ast-hfb-below-header-display":"","ast-hfb-mobile-header-display":"","site-post-title":"","ast-breadcrumbs-content":"","ast-featured-img":"","footer-sml-layout":"","ast-disable-related-posts":"","theme-transparent-header-meta":"","adv-header-id-meta":"","stick-header-meta":"","header-above-stick-meta":"","header-main-stick-meta":"","header-below-stick-meta":"","astra-migrate-meta-layouts":"set","ast-page-background-enabled":"default","ast-page-background-meta":{"desktop":{"background-color":"","background-image":"","background-repeat":"repeat","background-position":"center center","background-size":"auto","background-attachment":"scroll","background-type":"","background-media":"","overlay-type":"","overlay-color":"","overlay-opacity":"","overlay-gradient":""},"tablet":{"background-color":"","background-image":"","background-repeat":"repeat","background-position":"center center","background-size":"auto","background-attachment":"scroll","background-type":"","background-media":"","overlay-type":"","overlay-color":"","overlay-opacity":"","overlay-gradient":""},"mobile":{"background-color":"","background-image":"","background-repeat":"repeat","background-position":"center center","background-size":"auto","background-attachment":"scroll","background-type":"","background-media":"","overlay-type":"","overlay-color":"","overlay-opacity":"","overlay-gradient":""}},"ast-content-background-meta":{"desktop":{"background-color":"var(--ast-global-color-5)","background-image":"","background-repeat":"repeat","background-position":"center center","background-size":"auto","background-attachment":"scroll","background-type":"","background-media":"","overlay-type":"","overlay-color":"","overlay-opacity":"","overlay-gradient":""},"tablet":{"background-color":"var(--ast-global-color-5)","background-image":"","background-repeat":"repeat","background-position":"center center","background-size":"auto","background-attachment":"scroll","background-type":"","background-media":"","overlay-type":"","overlay-color":"","overlay-opacity":"","overlay-gradient":""},"mobile":{"background-color":"var(--ast-global-color-5)","background-image":"","background-repeat":"repeat","background-position":"center center","background-size":"auto","background-attachment":"scroll","background-type":"","background-media":"","overlay-type":"","overlay-color":"","overlay-opacity":"","overlay-gradient":""}},"footnotes":""},"class_list":["post-3","page","type-page","status-publish","hentry"],"_links":{"self":[{"href":"https:\/\/www.allaryia.com\/pearnon\/wp-json\/wp\/v2\/pages\/3","targetHints":{"allow":["GET"]}}],"collection":[{"href":"https:\/\/www.allaryia.com\/pearnon\/wp-json\/wp\/v2\/pages"}],"about":[{"href":"https:\/\/www.allaryia.com\/pearnon\/wp-json\/wp\/v2\/types\/page"}],"author":[{"embeddable":true,"href":"https:\/\/www.allaryia.com\/pearnon\/wp-json\/wp\/v2\/users\/1"}],"replies":[{"embeddable":true,"href":"https:\/\/www.allaryia.com\/pearnon\/wp-json\/wp\/v2\/comments?post=3"}],"version-history":[{"count":2,"href":"https:\/\/www.allaryia.com\/pearnon\/wp-json\/wp\/v2\/pages\/3\/revisions"}],"predecessor-version":[{"id":4928,"href":"https:\/\/www.allaryia.com\/pearnon\/wp-json\/wp\/v2\/pages\/3\/revisions\/4928"}],"wp:attachment":[{"href":"https:\/\/www.allaryia.com\/pearnon\/wp-json\/wp\/v2\/media?parent=3"}],"curies":[{"name":"wp","href":"https:\/\/api.w.org\/{rel}","templated":true}]}}